48014756?
2, 12003689
List the prime factors of 51196457.
13, 379, 10391
What are the prime factors of 174363287?
7, 24909041
List the prime factors of 5757536.
2, 179923
What are the prime factors of 205958183?
47, 4382089
What are the prime factors of 860010191?
43, 67, 239, 1249
What are the prime factors of 4804290935?
5, 960858187
List the prime factors of 232333435.
5, 2663, 17449
List the prime factors of 37377216.
2, 3, 64891
What are the prime factors of 1276841286?
2, 3, 7, 3377887
List the prime factors of 18428563.
18428563
List the prime factors of 2566408663.
7, 13, 575557
List the prime factors of 155018889.
3, 17224321
List the prime factors of 565908353.
23, 59, 101, 4129
What are the prime factors of 2174302780?
2, 5, 13, 37, 79, 2861
List the prime factors of 106597752.
2, 3, 17, 19, 13751
What are the prime factors of 270042101?
7, 173, 222991
What are the prime factors of 89060419?
7, 12722917
What are the prime factors of 2151554261?
2151554261
What are the prime factors of 5501156273?
5501156273
What are the prime factors of 976939978?
2, 7, 71, 683, 1439
List the prime factors of 197404080.
2, 3, 5, 822517
What are the prime factors of 1547704892?
2, 137, 241, 11719
List the prime factors of 939943963.
7, 31, 577, 7507
What are the prime factors of 913779759?
3, 11833, 25741
List the prime factors of 2175947544.
2, 3, 227, 399403
List the prime factors of 17688854.
2, 263, 33629
What are the prime factors of 2267353258?
2, 19, 59667191
List the prime factors of 2494678740.
2, 3, 5, 41577979
What are the prime factors of 3238934788?
2, 19, 42617563
What are the prime factors of 529328207?
67, 7900421
List the prime factors of 56072585.
5, 131, 85607
List the prime factors of 637356140.
2, 5, 19, 1677253
What are the prime factors of 41064015?
3, 5, 1327, 2063
List the prime factors of 13576583.
19, 714557
List the prime factors of 131172504.
2, 3, 19, 307, 937
What are the prime factors of 189837130?
2, 5, 7, 17, 67, 2381
What are the prime factors of 161179135?
5, 13, 2479679
List the prime factors of 70493166.
2, 3, 435143
What are the prime factors of 8294304?
2, 3, 86399
What are the prime factors of 7228275954?
2, 3, 1204712659
What are the prime factors of 2147402050?
2, 5, 257, 167113
List the prime factors of 1300183360.
2, 5, 7, 227, 2557
What are the prime factors of 344956146?
2, 3, 17, 3381923
What are the prime factors of 3078921367?
19, 37, 4379689
What are the prime factors of 366816907?
19, 313, 61681
What are the prime factors of 214966879?
29, 257, 28843
What are the prime factors of 67872317?
433, 156749
List the prime factors of 54670092.
2, 3, 1097, 4153
What are the prime factors of 52136416?
2, 17, 239, 401
What are the prime factors of 78478637?
53, 547, 2707
List the prime factors of 2390149485.
3, 5, 17704811
List the prime factors of 16846074.
2, 3, 7, 23, 5813
List the prime factors of 49035271.
49035271
What are the prime factors of 2309787532?
2, 13, 317, 140123
What are the prime factors of 153274834?
2, 53, 1445989
List the prime factors of 16375063.
17, 963239
List the prime factors of 228964202.
2, 31, 3692971
List the prime factors of 255240105.
3, 5, 17016007
List the prime factors of 2742489728.
2, 11, 37, 61, 863
List the prime factors of 2107798513.
71, 29687303
What are the prime factors of 65819734?
2, 29, 431, 2633
What are the prime factors of 69409821?
3, 13, 10531
What are the prime factors of 14678118?
2, 3, 7, 13, 29, 103
List the prime factors of 1601917.
191, 8387
What are the prime factors of 688007843?
688007843
List the prime factors of 9859865881.
9859865881
What are the prime factors of 2464820310?
2, 3, 5, 17, 284293
What are the prime factors of 75531881?
41, 211, 8731
List the prime factors of 1072486.
2, 536243
List the prime factors of 308412453.
3, 17, 6047303
What are the prime factors of 35370504?
2, 3, 13, 23, 31, 53
What are the prime factors of 50362904?
2, 6295363
What are the prime factors of 187986170?
2, 5, 17, 31, 35671
What are the prime factors of 383512105?
5, 163, 257, 1831
List the prime factors of 47892870.
2, 3, 5, 19709
What are the prime factors of 51107616?
2, 3, 7, 101, 251
List the prime factors of 2672770826.
2, 11, 157, 467, 1657
What are the prime factors of 84765304?
2, 13, 23, 35437
What are the prime factors of 26773030?
2, 5, 179, 14957
What are the prime factors of 33698034?
2, 3, 1872113
What are the prime factors of 223662827?
179, 263, 4751
What are the prime factors of 5981000562?
2, 3, 31, 181, 59219
List the prime factors of 47012705.
5, 281, 33461
What are the prime factors of 1507860248?
2, 113, 883, 1889
List the prime factors of 864063562.
2, 4003, 107927
List the prime factors of 46766569.
31, 953, 1583
List the prime factors of 77588884.
2, 17, 1141013
What are the prime factors of 82241834?
2, 41120917
What are the prime factors of 561533292?
2, 3, 277, 56311
List the prime factors of 118627154.
2, 47, 211, 5981
List the prime factors of 253209214.
2, 67, 1889621
What are the prime factors of 18534488?
2, 7, 17, 19469
What are the prime factors of 261176933?
17, 15363349
List the prime factors of 238743579.
3, 67, 593, 2003
What are the prime factors of 314975063?
13, 24228851
What are the prime factors of 1982221189?
13, 19, 31, 83, 3119
List the prime factors of 119510561.
17, 7030033
List the prime factors of 3265803965.
5, 31, 21069703
List the prime factors of 361151766.
2, 3, 20063987
List the prime factors of 264149728.
2, 109, 75731
What are the prime factors of 36143896?
2, 4517987
List the prime factors of 18769894.
2, 11, 13, 65629
List the prime factors of 77654385.
3, 5, 17, 83, 1223
List the prime factors of 46452623.
7, 277, 23957
List the prime factors of 39047700.
2, 3, 5, 73, 1783
What are the prime factors of 212536827?
3, 3709, 6367
List the prime factors of 61446798.
2, 3, 7, 19, 25667
List the prime factors of 455621072.
2, 53, 733
List the prime factors of 1888752259.
1888752259
List the prime factors of 7162906.
2, 71, 73, 691
What are the prime factors of 26077572?
2, 3, 31, 7789
List the prime factors of 5528486141.
151, 4813, 7607
What are the prime factors of 152909241?
3, 281, 181387
What are the prime factors of 29815685?
5, 173, 34469
List the prime factors of 11055949.
149, 74201
List the prime factors of 1265713002.
2, 3, 17, 4136317
What are the prime factors of 27416393?
17, 349, 4621
List the prime factors of 34284524.
2, 137, 62563
List the prime factors of 366360300.
2, 3, 5, 47, 2887
What are the prime factors of 55035581?
55035581
What are the prime factors of 40335084?
2, 3, 17, 2441
List the prime factors of 168477784.
2, 43, 489761
List the prime factors of 283609165.
5, 7, 59, 137341
List the prime factors of 185477739.
3, 61825913
What are the prime factors of 1220410579?
6803, 179393
What are the prime factors of 260573583?
3, 86857861
List the prime factors of 6810060668.
2, 17, 2111, 47441
What are the prime factors of 47197540?
2, 5, 13, 167, 1087
List the prime factors of 100766628.
2, 3, 2799073
What are the prime factors of 1307014692?
2, 3, 108917891
What are the prime factors of 570730434?
2, 3, 1033, 92083
List the prime factors of 61389818.
2, 7, 4384987
What are the prime factors of 2509492871?
2509492871
List the prime factors of 63269758.
2, 2161, 14639
List the prime factors of 30529610.
2, 5, 3052961
List the prime factors of 578673797.
13, 44513369
List the prime factors of 2791189265.
5, 23, 24271211
List the prime factors of 64134967.
13, 523, 9433
List the prime factors of 23039498.
2, 397, 29017
What are the prime factors of 588985467?
3, 7, 28046927
What are the prime factors of 3660810822?
2, 3, 67792793
What are the prime factors of 511846488?
2, 3, 7108979
List the prime factors of 1260509578.
2, 631, 998819
List the prime factors of 7328966.
2, 3664483
List the prime factors of 94647742.
2, 7, 6760553
List the prime factors of 1990513416.
2, 3, 19, 337, 12953
List the prime factors of 4269877875.
3, 5, 71, 103, 173
What are the prime factors of 474162116?
2, 118540529
What are the prime factors of 1473125105?
5, 3697, 79693
List the prime factors of 573740827.
11, 397, 131381
List the prime factors of 639025406.
2, 319512703
List the prime facto